{"id":290,"date":"2025-06-30T16:53:03","date_gmt":"2025-06-30T14:53:03","guid":{"rendered":"https:\/\/frausteinerstaunt.ch\/?page_id=290"},"modified":"2026-03-14T21:22:58","modified_gmt":"2026-03-14T20:22:58","slug":"liselotte-kandidiert","status":"publish","type":"page","link":"https:\/\/frausteinerstaunt.ch\/index.php\/liselotte-kandidiert\/","title":{"rendered":"LISELOTTE KANDIDIERT"},"content":{"rendered":"\n<p>Sie haben sich auf einem Kreuzfahrtschiff kennengelernt. Die Stimmung zwischen ihnen wurde jedoch sp\u00e4ter getr\u00fcbt, als Kate Liselotte in ihr Business einspannen wollte, ein Schneeballsystem zum Verkauf spezieller Luft und dubioser Nahrungserg\u00e4nzungsmittel. Unterdessen haben sich die Wogen wieder gegl\u00e4ttet. Kate hat sich neuerdings dem Coaching zugewandt und Liselotte m\u00f6chte nun doch noch etwas mehr vom Leben als ihren im Homeoffice arbeitenden Ehemann zu umsorgen. <\/p>\n\n\n\n<div class=\"wp-block-columns is-layout-flex wp-container-core-columns-is-layout-9d6595d7 wp-block-columns-is-layout-flex\">\n<div class=\"wp-block-column is-layout-flow wp-block-column-is-layout-flow\">\n<figure class=\"wp-block-image size-full\"><img loading=\"lazy\" decoding=\"async\" width=\"652\" height=\"433\" src=\"https:\/\/frausteinerstaunt.ch\/wp-content\/uploads\/2025\/06\/front2_bschiss.jpeg\" alt=\"\" class=\"wp-image-292\" srcset=\"https:\/\/frausteinerstaunt.ch\/wp-content\/uploads\/2025\/06\/front2_bschiss.jpeg 652w, https:\/\/frausteinerstaunt.ch\/wp-content\/uploads\/2025\/06\/front2_bschiss-300x199.jpeg 300w, https:\/\/frausteinerstaunt.ch\/wp-content\/uploads\/2025\/06\/front2_bschiss-452x300.jpeg 452w\" sizes=\"auto, (max-width: 652px) 100vw, 652px\" \/><\/figure>\n<\/div>\n\n\n\n<div class=\"wp-block-column is-layout-flow wp-block-column-is-layout-flow\">\n<p>Sie h\u00f6ren:<br><br>Maria Steiner als Kate<br>Eveline Peter als Liselotte<\/p>\n<\/div>\n<\/div>\n\n\n\n<p><strong>Folge 6 &#8211; Podiumsgespr\u00e4ch<\/strong><br>Noch knapp 2 Wochen bis zu den Wahlen. Hat Liselotte das Coaching von Kate verinnerlicht und kann im Podiumsgespr\u00e4ch mit den andern Kandidat:innen f\u00fcr den Regierungsrat das Gelernte anwenden?<\/p>\n\n\n\n<figure class=\"wp-block-audio\"><audio controls src=\"https:\/\/frausteinerstaunt.ch\/wp-content\/uploads\/2026\/03\/25-15.3.Podiumsgespraech.mp3\"><\/audio><figcaption class=\"wp-element-caption\">Ver\u00e4\u00fcffentlicht am 15. M\u00e4rz 2026<\/figcaption><\/figure>\n\n\n\n<p><strong>Folge 5 &#8211; Werbung f\u00fcr Liselotte<\/strong><br>Nun geht der Wahlkampf in die heisse Phase. Auf dem Land stehen sie demn\u00e4chst wieder \u00fcberall herum, die Holzgestelle mit den Plakaten der bodenst\u00e4ndigen Kandidaten, in der&nbsp;Stadt die St\u00e4nder mit den urbanen Wahlempfehlungen. H\u00f6chste&nbsp;&nbsp;Zeit, die Werbetrommel f\u00fcr die Kandidatin Liselotte V\u00f6geli zu r\u00fchren.<\/p>\n\n\n\n<figure class=\"wp-block-audio\"><audio controls src=\"https:\/\/frausteinerstaunt.ch\/wp-content\/uploads\/2026\/02\/23-15.2.WerbungFuerLiselotte.mp3\"><\/audio><figcaption class=\"wp-element-caption\">Ver\u00f6ffentlicht am 15. Februar 2026<\/figcaption><\/figure>\n\n\n\n<p><strong>Folge 4 &#8211; Gr\u00fcndung der EJP<\/strong><br>Regieren ohne starke Hausmacht im R\u00fccken ist schwierig, wie das Beispiel der Waadtl\u00e4nder Regierungsr\u00e4tin Valerie Dittli zeigt.&nbsp;Wenn Liselotte erfolgreich f\u00fcr den Regierungsrat kandidieren will, muss sie unbedingt in eine Partei eintreten. Da gibt es aber leider ein Problem. Liselotte ist mit keiner der bestehenden Parteien kompatibel. Also muss f\u00fcr sie eine neue gegr\u00fcndet werden.&nbsp;<\/p>\n\n\n\n<figure class=\"wp-block-audio\"><audio controls src=\"https:\/\/frausteinerstaunt.ch\/wp-content\/uploads\/2026\/01\/S004EJPGruendung.mp3\"><\/audio><figcaption class=\"wp-element-caption\">Ver\u00f6ffentlicht am 15. Januar 2026<\/figcaption><\/figure>\n\n\n\n<p><strong>Folge 3<\/strong> <strong>&#8211; Interviewtraining<\/strong><br>Liselotte hat sich in den letzten Wochen&nbsp;intensiv mit ihrer Politkarriere besch\u00e4ftigt und bereits einen Karrieresprung gemacht. Es gibt aber noch einige Hindernisse zu \u00fcberwinden auf dem Weg in den Regierungsrat.<\/p>\n\n\n\n<figure class=\"wp-block-audio\"><audio controls src=\"https:\/\/frausteinerstaunt.ch\/wp-content\/uploads\/2025\/12\/19-15.12.interviewtraining.mp3\"><\/audio><figcaption class=\"wp-element-caption\">Ver\u00f6ffentlicht am 15. Dezember 2025<\/figcaption><\/figure>\n\n\n\n<p><strong>Folge 2<\/strong><br>Es ist ja erfreulich, wenn der Bundesrat auf einen fragw\u00fcrdigen Entscheid zur\u00fcckkommt, aber muss es ausgerechnet dann sein, wenn die neue Folge von Liselotte kandidiert bereits sendebereit ist? Immerhin sollen die Beitr\u00e4ge an sportliche Aktivit\u00e4ten von Jugendlichen nun doch nicht gek\u00fcrzt werden (heisst es aus Bern).<\/p>\n\n\n\n<figure class=\"wp-block-audio\"><audio controls src=\"https:\/\/frausteinerstaunt.ch\/wp-content\/uploads\/2025\/09\/13-15.9.lise_folge2.mp3\"><\/audio><figcaption class=\"wp-element-caption\">Ver\u00f6ffentlicht am 15. September 2025<\/figcaption><\/figure>\n\n\n\n<p><strong>Folge 1<\/strong><\/p>\n\n\n\n<figure class=\"wp-block-audio\"><audio controls src=\"https:\/\/frausteinerstaunt.ch\/wp-content\/uploads\/2025\/06\/11-1.7.LiselotteKandidiert6.mp3\"><\/audio><figcaption class=\"wp-element-caption\">Ver\u00f6ffentlicht am 1. Juli 2025<\/figcaption><\/figure>\n","protected":false},"excerpt":{"rendered":"<p>Sie haben sich auf einem Kreuzfahrtschiff kennengelernt. Die Stimmung zwischen ihnen wurde jedoch sp\u00e4ter getr\u00fcbt, als Kate Liselotte in ihr Business einspannen wollte, ein Schneeballsystem zum Verkauf spezieller Luft und dubioser Nahrungserg\u00e4nzungsmittel. Unterdessen haben sich die Wogen wieder gegl\u00e4ttet. Kate &hellip; <a href=\"https:\/\/frausteinerstaunt.ch\/index.php\/liselotte-kandidiert\/\">Weiterlesen <span class=\"meta-nav\">&rarr;<\/span><\/a><\/p>\n","protected":false},"author":3,"featured_media":0,"parent":0,"menu_order":0,"comment_status":"closed","ping_status":"closed","template":"","meta":{"footnotes":""},"class_list":["post-290","page","type-page","status-publish","hentry"],"_links":{"self":[{"href":"https:\/\/frausteinerstaunt.ch\/index.php\/wp-json\/wp\/v2\/pages\/290","targetHints":{"allow":["GET"]}}],"collection":[{"href":"https:\/\/frausteinerstaunt.ch\/index.php\/wp-json\/wp\/v2\/pages"}],"about":[{"href":"https:\/\/frausteinerstaunt.ch\/index.php\/wp-json\/wp\/v2\/types\/page"}],"author":[{"embeddable":true,"href":"https:\/\/frausteinerstaunt.ch\/index.php\/wp-json\/wp\/v2\/users\/3"}],"replies":[{"embeddable":true,"href":"https:\/\/frausteinerstaunt.ch\/index.php\/wp-json\/wp\/v2\/comments?post=290"}],"version-history":[{"count":10,"href":"https:\/\/frausteinerstaunt.ch\/index.php\/wp-json\/wp\/v2\/pages\/290\/revisions"}],"predecessor-version":[{"id":398,"href":"https:\/\/frausteinerstaunt.ch\/index.php\/wp-json\/wp\/v2\/pages\/290\/revisions\/398"}],"wp:attachment":[{"href":"https:\/\/frausteinerstaunt.ch\/index.php\/wp-json\/wp\/v2\/media?parent=290"}],"curies":[{"name":"wp","href":"https:\/\/api.w.org\/{rel}","templated":true}]}}