{"id":268,"date":"2025-05-10T22:02:01","date_gmt":"2025-05-10T20:02:01","guid":{"rendered":"https:\/\/frausteinerstaunt.ch\/?page_id=268"},"modified":"2025-05-10T22:02:01","modified_gmt":"2025-05-10T20:02:01","slug":"massentourismus","status":"publish","type":"page","link":"https:\/\/frausteinerstaunt.ch\/index.php\/massentourismus\/","title":{"rendered":"MASSENTOURISMUS"},"content":{"rendered":"\n<p>Songtext aus dem&nbsp;<strong>Kabarettproramm SCHIFF AHOI&nbsp;<\/strong>aus dem Jahr 2019.<br>Auf der B\u00fchne waren: Eveline Peter und Maria Steiner<br>Text: Maria Steiner<\/p>\n\n\n\n<p><em>Strophe<\/em><br>Sie kommen in Scharen<br>Und steigen aus Caren<br>dann schauen sie kurz sich mal um<br>sie sind in Zermatt<br>Wo Berge es hat<br>doch die stehen einfach nur rum.<br><br>Dazwischen sind L\u00fccken<br>noch fehln H\u00e4ngebr\u00fccken<br>ein B\u00e4hnli das reicht heut nicht mehr<br>Der Gast will den Kick<br>und nicht nur den Blick<br>auf die Landschaft, das reizt ihn nicht sehr.<\/p>\n\n\n\n<p><em>Refrain<\/em><br>Sie kommen in Massen<br>verstopfen die Gassen<br>doch man muss sie lassen<br>denn sie f\u00fcllen die Kassen<br><br>in billigen Klassen<br>liegen die Massen<br>auf Bali, Ibiza und Kos<br>und dank den Touristen<br>Ist dort etwas los<\/p>\n\n\n\n<p><em>Strophe<\/em><br>Sie blicken aufs Handy<br>jetzt sind sie in Schwendi<br>in Schwendi da gibts nichts zu sehn<br>es irrte der Guide<br>das tut ihm sehr leid<br>dann halt Blausee, auch dort ist es sch\u00f6n.<br><br>Still und romantisch<br>der Ansturm gigantisch<br>dann ein Halt in Luzern oder Chur<br>Kurzstopp im Hotel<br>Das Essen geht schnell<br>Und dann kauft man sich endlich ne Uhr.<\/p>\n\n\n\n<p><em>Refrain<\/em><br>Was fehlt noch \u2013 genau<br>Die Bahn mit dem Vau<br>mit der geht\u2019s viel schneller hinauf<br>Nimmt Nebel die Sicht<br>das k\u00fcmmert sie nicht<br>so kommen sie fr\u00fcher zum Kauf<br><br>Die Leute vom Ort<br>Die treibt es halt fort<br>Sie finden dort nicht mehr den Rank<br>Das Leben zu teuer<br>es ist ungeheuer<br>Vermietungsplattformen sei Dank<\/p>\n\n\n\n<p>Refrain<br>Auch wir sind Touristen<br>an Str\u00e4nden, auf Pisten<br>Viel Fliegen, das sollten wir lassen<br>doch ist es so billig<br>drum folgen wir willig<br>den Pfaden der reisenden Massen.<\/p>\n","protected":false},"excerpt":{"rendered":"<p>Songtext aus dem&nbsp;Kabarettproramm SCHIFF AHOI&nbsp;aus dem Jahr 2019.Auf der B\u00fchne waren: Eveline Peter und Maria SteinerText: Maria Steiner StropheSie kommen in ScharenUnd steigen aus Carendann schauen sie kurz sich mal umsie sind in ZermattWo Berge es hatdoch die stehen einfach &hellip; <a href=\"https:\/\/frausteinerstaunt.ch\/index.php\/massentourismus\/\">Weiterlesen <span class=\"meta-nav\">&rarr;<\/span><\/a><\/p>\n","protected":false},"author":3,"featured_media":0,"parent":0,"menu_order":0,"comment_status":"closed","ping_status":"closed","template":"","meta":{"footnotes":""},"class_list":["post-268","page","type-page","status-publish","hentry"],"_links":{"self":[{"href":"https:\/\/frausteinerstaunt.ch\/index.php\/wp-json\/wp\/v2\/pages\/268","targetHints":{"allow":["GET"]}}],"collection":[{"href":"https:\/\/frausteinerstaunt.ch\/index.php\/wp-json\/wp\/v2\/pages"}],"about":[{"href":"https:\/\/frausteinerstaunt.ch\/index.php\/wp-json\/wp\/v2\/types\/page"}],"author":[{"embeddable":true,"href":"https:\/\/frausteinerstaunt.ch\/index.php\/wp-json\/wp\/v2\/users\/3"}],"replies":[{"embeddable":true,"href":"https:\/\/frausteinerstaunt.ch\/index.php\/wp-json\/wp\/v2\/comments?post=268"}],"version-history":[{"count":2,"href":"https:\/\/frausteinerstaunt.ch\/index.php\/wp-json\/wp\/v2\/pages\/268\/revisions"}],"predecessor-version":[{"id":270,"href":"https:\/\/frausteinerstaunt.ch\/index.php\/wp-json\/wp\/v2\/pages\/268\/revisions\/270"}],"wp:attachment":[{"href":"https:\/\/frausteinerstaunt.ch\/index.php\/wp-json\/wp\/v2\/media?parent=268"}],"curies":[{"name":"wp","href":"https:\/\/api.w.org\/{rel}","templated":true}]}}