{"id":176,"date":"2025-01-19T22:17:02","date_gmt":"2025-01-19T21:17:02","guid":{"rendered":"https:\/\/frausteinerstaunt.ch\/?page_id=176"},"modified":"2025-01-30T22:36:18","modified_gmt":"2025-01-30T21:36:18","slug":"datenschutzerklaerung","status":"publish","type":"page","link":"https:\/\/frausteinerstaunt.ch\/index.php\/datenschutzerklaerung\/","title":{"rendered":"Datenschutzerkl\u00e4rung"},"content":{"rendered":"\n<h2 class=\"wp-block-heading\">www.frausteinerstaunt.ch<\/h2>\n\n\n\n<p>Ihre Privatsph\u00e4re und die Sicherheit Ihrer Daten sind uns wichtig. Dieses Dokument mit den Datenschutzrichtlinien beschreibt die Arten von Informationen, die von FRAUSTEINERSTAUNT gesammelt, verwendet oder weitergegeben werden oder werden k\u00f6nnen, wenn Sie sie besuchen, nutzen. Allgemein gilt: FRAUSTEINERSTAUNT h\u00e4lt sich an das neue schweizerische Datenschutzgesetz vom 1.9.2023.<\/p>\n\n\n\n<p>Wenn Sie weitere Fragen haben oder mehr \u00fcber unsere Datenschutzrichtlinie oder dar\u00fcber erfahren m\u00f6chten, wie wir mit Nutzerdaten und pers\u00f6nlichen Informationen umgehen, oder wenn Sie Ihre Zustimmung zur fortgesetzten Erhebung, Nutzung oder Weitergabe Ihrer pers\u00f6nlichen Informationen widerrufen m\u00f6chten, k\u00f6nnen Sie sich gerne an uns wenden.<\/p>\n\n\n\n<p>Um Ihre Zustimmung zu Cookies zu widerrufen,&nbsp;<a href=\"https:\/\/theater-werk.ch\/index.php?cookieConsent=0\">klicken Sie bitte hier<\/a>.<\/p>\n\n\n\n<h2 class=\"wp-block-heading\">Definitionen<\/h2>\n\n\n\n<p>Die Webseite wird von FRAUSTEINERSTAUNT betrieben. Als Kunde dieses Dienstes sind Sie gem\u00e4\u00df dieser Vereinbarung ein Nutzer und\/oder Besucher.<\/p>\n\n\n\n<h2 class=\"wp-block-heading\">Daten, die wir sammeln<\/h2>\n\n\n\n<p>Nach den Standardverfahren f\u00fcr die Verwendung von Protokolldateien zeichnen diese Dateien automatisch die Besuche auf, wenn Sie die Website besuchen, es k\u00f6nnen Informationen \u00fcber Ihren Webbrowser sein, es k\u00f6nnen einige der auf Ihrem Ger\u00e4t installierten Cookies gespeichert werden, die IP-Adresse, der ISP, die Zeitzone und der Zeitstempel, die Verweis-\/Ausgangsseiten, die Anzahl der Klicks. Diese Informationen dienen dazu, Trends zu analysieren, diese Website zu verwalten, die Bewegungen der Nutzer auf dieser Website zu verfolgen und demografische Informationen zu sammeln, und sie sind nicht mit Informationen verkn\u00fcpft, mit denen eine Person identifiziert werden kann. Dar\u00fcber hinaus k\u00f6nnen wir, wenn Sie auf der Website navigieren, Informationen \u00fcber die Unterseiten sammeln, die Sie besuchen.<\/p>\n\n\n\n<p>Wir k\u00f6nnen auch pers\u00f6nliche Informationen \u00fcber Sie sammeln, wie z. B. Ihren Namen, den Namen Ihrer Organisation\/Firma, Ihre Adresse, Ihre E-Mail-Adresse oder andere pers\u00f6nliche Daten, wenn Sie uns diese bei der Registrierung, beim Kauf, bei der Kontaktaufnahme oder auf andere Weise zur Verf\u00fcgung stellen. Wir fordern personenbezogene Daten nur dann an, wenn wir sie tats\u00e4chlich ben\u00f6tigen, um Ihnen eine gew\u00fcnschte Dienstleistung zu erbringen (z. B. wenn Sie \u00fcber die Website eine Bestellung aufgeben). Wir erheben sie auf faire und legale Weise, mit Ihrem Wissen und Ihrer Zustimmung. Wir informieren Sie auch dar\u00fcber, warum wir sie sammeln und wie sie verwendet werden.<\/p>\n\n\n\n<h2 class=\"wp-block-heading\">Weitergabe Ihrer pers\u00f6nlichen Informationen<\/h2>\n\n\n\n<p>Wir geben keine pers\u00f6nlich identifizierbaren Informationen an Dritte weiter, verkaufen, tauschen oder vermieten sie nicht an Dritte, es sei denn, dies ist gesetzlich vorgeschrieben, Sie versto\u00dfen gegen unsere Nutzungsbedingungen oder es hilft uns, unseren Service zu erleichtern. Beispielsweise kann es f\u00fcr das Online-Shop-Modul erforderlich sein, dass Ihre Daten an Drittanbieterdienste wie Zahlungsl\u00f6sungen weitergegeben werden. Wir k\u00f6nnen auch Statistikdienste wie Google Analytics, Facebook Pixel und andere nutzen. Jeder dieser Dienste hat seine eigene Datenschutzrichtlinie, die direkt auf den jeweiligen Seiten eingesehen werden kann.<\/p>\n\n\n\n<p>Um bestimmte Funktionen bereitzustellen, k\u00f6nnen wir weitere Dienste von Drittanbietern in Anspruch nehmen, wie z. B. Zahlungs- und Buchhaltungsanbieter oder -dienste, Support- oder Kommunikationsanbieter und andere Dienste. Wir behalten uns das Recht vor, nicht zu verfolgen, wie Sie mit den bereitgestellten Diensten interagieren.<\/p>\n\n\n\n<p>Wir k\u00f6nnen nicht-personenbezogene Informationen sammeln und verwenden, um uns dabei zu helfen, den Dienst zu verbessern, Ihre Erfahrung zu personalisieren und die Nutzung des Dienstes zu analysieren. Diese Datenschutzrichtlinie schr\u00e4nkt unsere Nutzung oder Offenlegung der gesammelten nicht-personenbezogenen Informationen nicht ein. Wir behalten uns das Recht vor, diese nicht personenbezogenen Informationen nach eigenem Ermessen zu sammeln, zu nutzen und an unsere Partner, Werbetreibenden und andere Dritte weiterzugeben.<\/p>\n\n\n\n<h2 class=\"wp-block-heading\">Cookies und Tags<\/h2>\n\n\n\n<p>FRAUSTEINERSTAUNT verwendet keine Cookies. Wenn es eines Tages welche gibt, gilt: Das sind kleine Datendateien, die nur dann auf Ihrem Ger\u00e4t platziert werden, wenn Ihre Browsereinstellungen dies zulassen, und die Informationen wie eine eindeutige Kennung, die zuvor besuchten Unterseiten dieser Website und\/oder andere Informationen enthalten k\u00f6nnen. Arten von Cookies, die wir verwenden k\u00f6nnen: Sitzungs-Cookies, Sicherheits-Cookies oder Pr\u00e4ferenz-Cookies. Sie k\u00f6nnen die Verwendung von Cookies beim ersten Besuch ablehnen und k\u00f6nnen Cookies in den Einstellungen Ihres Browsers deaktivieren oder l\u00f6schen.<\/p>\n\n\n\n<h2 class=\"wp-block-heading\">Allgemeine Datenschutzverordnung (DSGVO)<\/h2>\n\n\n\n<p>Die Datenschutz-Grundverordnung (DSGVO) ist eine Verordnung des europ\u00e4ischen Rechts zum Datenschutz und zum Schutz der Privatsph\u00e4re f\u00fcr alle Personen in der Europ\u00e4ischen Union und im Europ\u00e4ischen Wirtschaftsraum.<\/p>\n\n\n\n<p>Wenn Sie in der EU ans\u00e4ssig sind, sind wir der Datenverantwortliche f\u00fcr Ihre Daten und Sie haben das Recht zu erfahren, wie Ihre personenbezogenen Daten verarbeitet werden, was wir \u00fcber Sie gesammelt haben und zu verlangen, dass diese Daten korrigiert, aktualisiert oder gel\u00f6scht werden. Dar\u00fcber hinaus sollten Sie beachten, dass Ihre Daten auch au\u00dferhalb Europas, insbesondere in Kanada und den USA, \u00fcbertragen werden k\u00f6nnen. Bitte kontaktieren Sie uns, wenn Sie Fragen zu Ihren Rechten nach der GDPR haben. F\u00fcr weitere Informationen oder Beschwerden wenden Sie sich bitte an Ihre lokale Datenschutzbeh\u00f6rde.<\/p>\n\n\n\n<h2 class=\"wp-block-heading\">Aufbewahrung von Daten<\/h2>\n\n\n\n<p>Wir speichern die erfassten Daten so lange, wie es notwendig ist, um Ihnen den gew\u00fcnschten Service zu bieten, oder bis Sie uns auffordern, die Daten zu l\u00f6schen. Die von uns gespeicherten Daten werden mit wirtschaftlich akzeptablen Mitteln vor Verlust und Diebstahl sowie vor unbefugtem Zugriff, Offenlegung, Kopieren, Verwendung oder \u00c4nderung gesch\u00fctzt. Kundenpassw\u00f6rter, die wir m\u00f6glicherweise speichern, werden als Hash gespeichert, und das Originalpasswort kann nicht wiederhergestellt werden.<\/p>\n\n\n\n<h2 class=\"wp-block-heading\">Kommunikation per E-Mail<\/h2>\n\n\n\n<p>Wir k\u00f6nnen mit Ihnen per E-Mail oder Telefon kommunizieren, um auf Ihre Anfragen zu antworten oder Ihnen auf der Grundlage der von Ihnen bereitgestellten personenbezogenen Daten Ank\u00fcndigungen zu Dienstleistungen zu senden. Wir k\u00f6nnen Ihre personenbezogenen Daten auch verwenden, um Ihnen Updates und andere Werbemitteilungen zu senden, wenn wir Ihre Zustimmung dazu erhalten haben. Wenn Sie diese Updates nicht mehr per E-Mail erhalten m\u00f6chten, k\u00f6nnen Sie sich jederzeit gegen den Erhalt entscheiden, indem Sie den in jeder Mitteilung enthaltenen Anweisungen folgen. Dabei handelt es sich in der Regel um einen &#171;Abmelden&#187;-Link.<\/p>\n\n\n\n<h2 class=\"wp-block-heading\">Links zu anderen Webseiten<\/h2>\n\n\n\n<p>Unsere Website kann Links zu und von Websites oder Diensten Dritter enthalten, die nicht von uns betrieben werden. Wenn Sie einem Link zu einer dieser Websites folgen und auf die Website eines Dritten weitergeleitet werden, beachten Sie bitte, dass diese Websites ihre eigenen Datenschutzrichtlinien haben und dass wir keine Verantwortung f\u00fcr diese Richtlinien oder Praktiken \u00fcbernehmen. Bitte lesen Sie die Datenschutzrichtlinien jeder Website, die Sie besuchen, bevor Sie irgendwelche pers\u00f6nlichen Informationen an eine dieser Websites \u00fcbermitteln.<\/p>\n\n\n\n<h2 class=\"wp-block-heading\">Werbeanzeigen<\/h2>\n\n\n\n<p>Auf unserer Website k\u00f6nnen Werbeanzeigen angezeigt werden, die von unseren Werbepartnern geschaltet werden, die ihre eigenen Datenschutzrichtlinien haben und Cookies und Web Beacons installieren k\u00f6nnen. Diese Cookies helfen dem Werbeserver, Ihr Ger\u00e4t jedes Mal zu erkennen, wenn eine Werbeanzeige f\u00fcr Sie oder andere Nutzer Ihres Ger\u00e4ts geschaltet wird. Diese Datenschutzrichtlinie deckt nur die Nutzung von FRAUSTEINERSTAUNT ab und gilt nicht f\u00fcr Werbetreibende oder Partner von Drittanbietern.<\/p>\n\n\n\n<h2 class=\"wp-block-heading\">Nicht verfolgen<\/h2>\n\n\n\n<p>Diese Website \u00e4ndert ihre Praktiken der Datenerhebung und -nutzung nicht, wenn Ihr Browser das Signal &#171;Do Not Track&#187; sendet.<\/p>\n\n\n\n<h2 class=\"wp-block-heading\">\u00dcbertragung von Aktivit\u00e4ten<\/h2>\n\n\n\n<p>F\u00fcr den Fall, dass FRAUSTEINERSTAUNT oder im Wesentlichen alle unsere Verm\u00f6genswerte erworben werden oder dass Nom De L&#8217;entreprise Konkurs anmeldet oder seine Gesch\u00e4ftst\u00e4tigkeit einstellt, geh\u00f6ren Ihre personenbezogenen Daten zu den Verm\u00f6genswerten, die von einem Dritten \u00fcbertragen oder erworben werden, der Ihre personenbezogenen Daten weiterhin verarbeiten kann. Sie erkennen an und stimmen zu, dass solche \u00dcbertragungen stattfinden k\u00f6nnen und nach dieser Datenschutzrichtlinie zul\u00e4ssig sind, und dass jeder Erwerber unserer Verm\u00f6genswerte Ihre personenbezogenen Daten weiterhin wie in dieser Richtlinie beschrieben verwenden darf.<\/p>\n\n\n\n<h2 class=\"wp-block-heading\">\u00c4nderungen<\/h2>\n\n\n\n<p>Wir behalten uns das Recht vor, diese Datenschutzrichtlinie jederzeit und ohne Vorank\u00fcndigung zu aktualisieren oder zu \u00e4ndern. Wir werden solche \u00c4nderungen auf dieser Seite ver\u00f6ffentlichen. Bitte lesen Sie dieses Dokument daher jedes Mal, wenn Sie uns pers\u00f6nliche Informationen zur Verf\u00fcgung stellen. Diese Richtlinie tritt am 2022\/12\/14 in Kraft. Wenn Sie die Website nach sieben (7) Tagen, an denen diese Datenschutzrichtlinie ge\u00e4ndert oder \u00fcberarbeitet wurde, weiterhin nutzen, bedeutet dies, dass Sie die Bedingungen dieser \u00fcberarbeiteten Datenschutzrichtlinie akzeptieren. Wir empfehlen Ihnen, diese Datenschutzrichtlinie regelm\u00e4\u00dfig zu \u00fcberpr\u00fcfen, wenn Sie dar\u00fcber besorgt sind, wie Ihre Informationen verwendet werden.<\/p>\n\n\n\n<h2 class=\"wp-block-heading\">Zustimmung<\/h2>\n\n\n\n<p>Durch die Nutzung unserer Website erkl\u00e4ren Sie sich hiermit mit unserer Datenschutzrichtlinie einverstanden und akzeptieren deren Bedingungen.<\/p>\n\n\n\n<h2 class=\"wp-block-heading\">Kontakt<\/h2>\n\n\n\n<p>Wenn Sie weitere Informationen ben\u00f6tigen oder Ihr Recht auf Ihre personenbezogenen Daten aus\u00fcben m\u00f6chten, k\u00f6nnen Sie uns direkt unter <a href=\"info@frausteinerstaunt.ch\" target=\"_blank\" rel=\"noreferrer noopener\">info@frausteinerstaunt.ch <\/a>erreichen.<\/p>\n\n\n\n<p><\/p>\n\n\n\n<p><\/p>\n\n\n\n<p><\/p>\n","protected":false},"excerpt":{"rendered":"<p>www.frausteinerstaunt.ch Ihre Privatsph\u00e4re und die Sicherheit Ihrer Daten sind uns wichtig. Dieses Dokument mit den Datenschutzrichtlinien beschreibt die Arten von Informationen, die von FRAUSTEINERSTAUNT gesammelt, verwendet oder weitergegeben werden oder werden k\u00f6nnen, wenn Sie sie besuchen, nutzen. Allgemein gilt: FRAUSTEINERSTAUNT &hellip; <a href=\"https:\/\/frausteinerstaunt.ch\/index.php\/datenschutzerklaerung\/\">Weiterlesen <span class=\"meta-nav\">&rarr;<\/span><\/a><\/p>\n","protected":false},"author":3,"featured_media":0,"parent":0,"menu_order":0,"comment_status":"closed","ping_status":"closed","template":"","meta":{"footnotes":""},"class_list":["post-176","page","type-page","status-publish","hentry"],"_links":{"self":[{"href":"https:\/\/frausteinerstaunt.ch\/index.php\/wp-json\/wp\/v2\/pages\/176","targetHints":{"allow":["GET"]}}],"collection":[{"href":"https:\/\/frausteinerstaunt.ch\/index.php\/wp-json\/wp\/v2\/pages"}],"about":[{"href":"https:\/\/frausteinerstaunt.ch\/index.php\/wp-json\/wp\/v2\/types\/page"}],"author":[{"embeddable":true,"href":"https:\/\/frausteinerstaunt.ch\/index.php\/wp-json\/wp\/v2\/users\/3"}],"replies":[{"embeddable":true,"href":"https:\/\/frausteinerstaunt.ch\/index.php\/wp-json\/wp\/v2\/comments?post=176"}],"version-history":[{"count":3,"href":"https:\/\/frausteinerstaunt.ch\/index.php\/wp-json\/wp\/v2\/pages\/176\/revisions"}],"predecessor-version":[{"id":204,"href":"https:\/\/frausteinerstaunt.ch\/index.php\/wp-json\/wp\/v2\/pages\/176\/revisions\/204"}],"wp:attachment":[{"href":"https:\/\/frausteinerstaunt.ch\/index.php\/wp-json\/wp\/v2\/media?parent=176"}],"curies":[{"name":"wp","href":"https:\/\/api.w.org\/{rel}","templated":true}]}}